{"id":96096,"date":"2025-02-12T16:30:53","date_gmt":"2025-02-12T16:30:53","guid":{"rendered":"https:\/\/jobs.cagi.ch\/?post_type=job_listing&#038;p=96096"},"modified":"2025-02-26T18:25:06","modified_gmt":"2025-02-26T18:25:06","slug":"permanent-mission-of-ecuador-to-the-un-in-geneva-geneva-fixed-term-contract-assistante-du-representant-permanent-administrative-traductrice","status":"expired","type":"job_listing","link":"https:\/\/jobs.cagi.ch\/fr\/?post_type=job_listing&p=96096","title":{"rendered":"Assistante du Repr\u00e9sentant permanent \u2013administrative, traductrice"},"content":{"rendered":"<p>Mission permanente de l&rsquo;\u00c9quateur aupr\u00e8s des Nations Unies<\/p>\n","protected":false},"author":330,"featured_media":0,"comment_status":"open","ping_status":"closed","template":"","job_listing_type":[97],"job_listing_category":[57],"job_listing_location":[90],"job_listing_tag":[],"class_list":["post-96096","job_listing","type-job_listing","status-expired","hentry","job_listing_type-fixed-term-contract","job_listing_category-administration","job_listing_location-geneva"],"metas":{"job-description":"La Mission permanente de l'\u00c9quateur aupr\u00e8s des Nations Unies recrute une assistante du Repr\u00e9sentant permanent \u2013 assistante administrative - traductrice dynamique et polyvalente, dot\u00e9e de solides comp\u00e9tences en planification, organisation et communication. La candidate id\u00e9ale appr\u00e9cie le travail en \u00e9quipe, fait preuve d'une grande discr\u00e9tion et respecte la confidentialit\u00e9 des informations.\r\n<h3><strong>Votre mission\u00a0:<\/strong><\/h3>\r\n<ul>\r\n \t<li>Coordination de l\u2019agenda du Repr\u00e9sentant permanent.<\/li>\r\n \t<li>Organisation des r\u00e9unions, rendez-vous et des \u00e9v\u00e9nements sp\u00e9ciaux.<\/li>\r\n \t<li>Gestion g\u00e9n\u00e9rale des activit\u00e9s du Repr\u00e9sentant permanent\u00a0: gestion de voyages\u00a0; r\u00e9ception et envoi de la valise diplomatique\u00a0; entre autres.<\/li>\r\n \t<li>R\u00e9ception et envoi de la correspondance papier et\/ou \u00e9lectronique, ainsi que la r\u00e9daction des notes verbales, des lettres et des rapports \u00e0 partir des instructions orales ou d'autres informations disponibles.<\/li>\r\n \t<li>Gestion des archives.<\/li>\r\n \t<li>Traduction de la correspondance, des factures et de tout autre document n\u00e9cessaire (fran\u00e7ais, anglais, espagnol).<\/li>\r\n \t<li>Assurer la liaison avec les fournisseurs des biens et des services\u00a0; ainsi qu\u2019avec les missions permanentes et des organisations internationales.<\/li>\r\n \t<li>Accueillir les visiteurs et r\u00e9pondre au t\u00e9l\u00e9phone.<\/li>\r\n<\/ul>\r\n<h4><strong>Votre profil:<\/strong><\/h4>\r\n<ul>\r\n \t<li>Une exp\u00e9rience professionnelle dans des postes similaires est un atout.<\/li>\r\n \t<li>Ma\u00eetrise des outils informatiques et Microsoft Office.<\/li>\r\n \t<li>Ma\u00eetrise de l\u2019Espagnol obligatoire. Aisance confirm\u00e9e du fran\u00e7ais et de l\u2019anglais, tant \u00e0 l'\u00e9crit qu'\u00e0 l'oral.<\/li>\r\n \t<li>Permis de travail suisse valide.<\/li>\r\n \t<li>Casier judiciaire vierge \/pas de poursuites.<\/li>\r\n<\/ul>\r\n<h4><strong>Caract\u00e9ristiques du contrat<\/strong><\/h4>\r\n<ul>\r\n \t<li>Type de contrat : CDD (Contrat \u00e0 dur\u00e9e d\u00e9termin\u00e9e 1 an renouvelable, avec une p\u00e9riode de preuve de 3 mois).<\/li>\r\n \t<li>Horaire : 40 heures par semaine.<\/li>\r\n \t<li>Lieu de travail : Gen\u00e8ve.<\/li>\r\n \t<li>R\u00e9mun\u00e9ration : CHF 5.600,oo nette.<\/li>\r\n \t<li>Le paiement des cotisations de la s\u00e9curit\u00e9 sociale et de l'assurance maladie est enti\u00e8rement \u00e0 la charge de l\u2019employ\u00e9 (e).<\/li>\r\n<\/ul>\r\n<strong>Merci d'adresser votre candidature avec CV et attestations de travail \u00e0 l\u2019adresse \u00e9lectronique (uniquement) <\/strong><a href=\"mailto:onuginebra@cancilleria.gob.ec\">onuginebra@cancilleria.gob.ec<\/a>","_job_category":{"57":"Administration"},"organization-type":"","fields-of-action":"Other \/ Autre","_job_type":{"97":"Fixed term contract \/ CDD"},"_job_apply_type":"with_email","_job_apply_email":"onuginebra@cancilleria.gob.ec","_job_apply_url":"","activity-rate":"100%","_job_salary_type":"monthly","_job_salary":"CHF 5600 - CHF 5600 \/ mois","_job_experience":"","_job_application_deadline_date":"2025-02-26","_job_location":{"90":"Gen\u00e8ve"},"_job_logo":"https:\/\/jobs.cagi.ch\/wp-content\/uploads\/ecuador-150x150.png","_job_employer_name":"Permanent Mission of Ecuador to the UN in Geneva","_job_employer_url":"https:\/\/jobs.cagi.ch\/fr\/employer\/permanent-mission-of-ecuador-to-the-un-in-geneva\/"},"_links":{"self":[{"href":"https:\/\/jobs.cagi.ch\/fr\/wp-json\/wp\/v2\/job_listing\/96096","targetHints":{"allow":["GET"]}}],"collection":[{"href":"https:\/\/jobs.cagi.ch\/fr\/wp-json\/wp\/v2\/job_listing"}],"about":[{"href":"https:\/\/jobs.cagi.ch\/fr\/wp-json\/wp\/v2\/types\/job_listing"}],"author":[{"embeddable":true,"href":"https:\/\/jobs.cagi.ch\/fr\/wp-json\/wp\/v2\/users\/330"}],"replies":[{"embeddable":true,"href":"https:\/\/jobs.cagi.ch\/fr\/wp-json\/wp\/v2\/comments?post=96096"}],"version-history":[{"count":1,"href":"https:\/\/jobs.cagi.ch\/fr\/wp-json\/wp\/v2\/job_listing\/96096\/revisions"}],"predecessor-version":[{"id":96097,"href":"https:\/\/jobs.cagi.ch\/fr\/wp-json\/wp\/v2\/job_listing\/96096\/revisions\/96097"}],"wp:attachment":[{"href":"https:\/\/jobs.cagi.ch\/fr\/wp-json\/wp\/v2\/media?parent=96096"}],"wp:term":[{"taxonomy":"job_listing_type","embeddable":true,"href":"https:\/\/jobs.cagi.ch\/fr\/wp-json\/wp\/v2\/job_listing_type?post=96096"},{"taxonomy":"job_listing_category","embeddable":true,"href":"https:\/\/jobs.cagi.ch\/fr\/wp-json\/wp\/v2\/job_listing_category?post=96096"},{"taxonomy":"job_listing_location","embeddable":true,"href":"https:\/\/jobs.cagi.ch\/fr\/wp-json\/wp\/v2\/job_listing_location?post=96096"},{"taxonomy":"job_listing_tag","embeddable":true,"href":"https:\/\/jobs.cagi.ch\/fr\/wp-json\/wp\/v2\/job_listing_tag?post=96096"}],"curies":[{"name":"wp","href":"https:\/\/api.w.org\/{rel}","templated":true}]}}

Assistante du Représentant permanent –administrative, traductrice

<p>Mission permanente de l&rsquo;Équateur auprès des Nations Unies</p>

La Mission permanente de l'Équateur auprès des Nations Unies recrute une assistante du Représentant permanent – assistante administrative - traductrice dynamique et polyvalente, dotée de solides compétences en planification, organisation et communication. La candidate idéale apprécie le travail en équipe, fait preuve d'une grande discrétion et respecte la confidentialité des informations.
<h3><strong>Votre mission :</strong></h3>
<ul>
 	<li>Coordination de l’agenda du Représentant permanent.</li>
 	<li>Organisation des réunions, rendez-vous et des événements spéciaux.</li>
 	<li>Gestion générale des activités du Représentant permanent : gestion de voyages ; réception et envoi de la valise diplomatique ; entre autres.</li>
 	<li>Réception et envoi de la correspondance papier et/ou électronique, ainsi que la rédaction des notes verbales, des lettres et des rapports à partir des instructions orales ou d'autres informations disponibles.</li>
 	<li>Gestion des archives.</li>
 	<li>Traduction de la correspondance, des factures et de tout autre document nécessaire (français, anglais, espagnol).</li>
 	<li>Assurer la liaison avec les fournisseurs des biens et des services ; ainsi qu’avec les missions permanentes et des organisations internationales.</li>
 	<li>Accueillir les visiteurs et répondre au téléphone.</li>
</ul>
<h4><strong>Votre profil:</strong></h4>
<ul>
 	<li>Une expérience professionnelle dans des postes similaires est un atout.</li>
 	<li>Maîtrise des outils informatiques et Microsoft Office.</li>
 	<li>Maîtrise de l’Espagnol obligatoire. Aisance confirmée du français et de l’anglais, tant à l'écrit qu'à l'oral.</li>
 	<li>Permis de travail suisse valide.</li>
 	<li>Casier judiciaire vierge /pas de poursuites.</li>
</ul>
<h4><strong>Caractéristiques du contrat</strong></h4>
<ul>
 	<li>Type de contrat : CDD (Contrat à durée déterminée 1 an renouvelable, avec une période de preuve de 3 mois).</li>
 	<li>Horaire : 40 heures par semaine.</li>
 	<li>Lieu de travail : Genève.</li>
 	<li>Rémunération : CHF 5.600,oo nette.</li>
 	<li>Le paiement des cotisations de la sécurité sociale et de l'assurance maladie est entièrement à la charge de l’employé (e).</li>
</ul>
<strong>Merci d'adresser votre candidature avec CV et attestations de travail à l’adresse électronique (uniquement) </strong><a href="mailto:onuginebra@cancilleria.gob.ec">onuginebra@cancilleria.gob.ec</a>

Genève
